{"id":422,"date":"2014-06-12T10:13:42","date_gmt":"2014-06-12T10:13:42","guid":{"rendered":"http:\/\/jf-sbrasalportel.pt\/jf\/?page_id=422"},"modified":"2020-01-21T11:55:14","modified_gmt":"2020-01-21T11:55:14","slug":"contactos","status":"publish","type":"page","link":"https:\/\/jf-sbrasalportel.pt\/jfsba\/contactos\/","title":{"rendered":"Contactos"},"content":{"rendered":"<p><strong>Junta de Freguesia de S\u00e3o Br\u00e1s de Alportel<\/strong><\/p>\n<p>Rua Dr. Medeiros Galv\u00e3o, 1<br \/>\n8150-146 S\u00e3o Br\u00e1s de Alportel<\/p>\n<p><strong>Tel.<\/strong> 289 842 174<\/p>\n<p><strong>Correio eletr\u00f3nico:<\/strong><\/p>\n<p>Geral:<br \/>\n<a href=\"mailto:geral@jf-sbrasalportel.pt\">geral@jf-sbrasalportel.pt<\/a><\/p>\n<p>Presid\u00eancia:<br \/>\npresidencia@jf-sbrasalportel.pt<\/p>\n<p>Taxas e Licen\u00e7as (expediente):<br \/>\natendimento@jf-sbrasalportel.pt<\/p>\n<p>Contabilidade:<br \/>\nsec.contab@jf-sbrasalportel.pt<\/p>\n<p>Sec\u00e7\u00e3o de Educa\u00e7\u00e3o e Interven\u00e7\u00e3o Comunit\u00e1ria:<br \/>\nigoncalves@jf-sbrasalportel<\/p>\n<\/p>\n<p><iframe loading=\"lazy\" style=\"border: 0;\" src=\"https:\/\/www.google.com\/maps\/embed?pb=!1m18!1m12!1m3!1d1589.937051107932!2d-7.8878107999999925!3d37.155693!2m3!1f0!2f0!3f0!3m2!1i1024!2i768!4f13.1!3m3!1m2!1s0xd1aaedb76a5b745%3A0xddd48f901e05b373!2sJunta+de+Freguesia+de+S%C3%A3o+Br%C3%A1s+de+Alportel!5e0!3m2!1spt-PT!2s!4v1400667600404\" width=\"600\" height=\"450\" frameborder=\"0\"><\/iframe><\/p>\n<p><span style=\"font-family: Arial;\"><span style=\"font-size: xx-small;\"><a style=\"text-align: left; color: #0000ff;\" href=\"https:\/\/www.google.com\/maps\/place\/Junta+de+Freguesia+de+S%C3%A3o+Br%C3%A1s+de+Alportel\/@37.155693,-7.8878108,18z\/data=!4m2!3m1!1s0xd1aaedb76a5b745:0xddd48f901e05b373?hl=pt-PT\">Ver mapa maior<\/a><\/span><\/span><\/p>\n","protected":false},"excerpt":{"rendered":"<p>Junta de Freguesia de S\u00e3o Br\u00e1s de Alportel Rua Dr. Medeiros Galv\u00e3o, 1 8150-146 S\u00e3o Br\u00e1s de Alportel Tel. 289 842 174 Correio eletr\u00f3nico: Geral: geral@jf-sbrasalportel.pt Presid\u00eancia: presidencia@jf-sbrasalportel.pt Taxas e Licen\u00e7as (expediente): atendimento@jf-sbrasalportel.pt Contabilidade: sec.contab@jf-sbrasalportel.pt Sec\u00e7\u00e3o de Educa\u00e7\u00e3o e Interven\u00e7\u00e3o Comunit\u00e1ria: igoncalves@jf-sbrasalportel Ver mapa maior<\/p>\n","protected":false},"author":1,"featured_media":0,"parent":0,"menu_order":0,"comment_status":"closed","ping_status":"closed","template":"","meta":{"_monsterinsights_skip_tracking":false,"_monsterinsights_sitenote_active":false,"_monsterinsights_sitenote_note":"","_monsterinsights_sitenote_category":0,"ngg_post_thumbnail":0,"footnotes":""},"class_list":["post-422","page","type-page","status-publish","hentry"],"yoast_head":"<!-- This site is optimized with the Yoast SEO plugin v27.4 - https:\/\/yoast.com\/product\/yoast-seo-wordpress\/ -->\n<title>Contactos - Junta de Freguesia de S\u00e3o Br\u00e1s de Alportel<\/title>\n<meta name=\"robots\" content=\"index, follow, max-snippet:-1, max-image-preview:large, max-video-preview:-1\" \/>\n<link rel=\"canonical\" href=\"https:\/\/jf-sbrasalportel.pt\/jfsba\/contactos\/\" \/>\n<meta property=\"og:locale\" content=\"pt_PT\" \/>\n<meta property=\"og:type\" content=\"article\" \/>\n<meta property=\"og:title\" content=\"Contactos - Junta de Freguesia de S\u00e3o Br\u00e1s de Alportel\" \/>\n<meta property=\"og:description\" content=\"Junta de Freguesia de S\u00e3o Br\u00e1s de Alportel Rua Dr. Medeiros Galv\u00e3o, 1 8150-146 S\u00e3o Br\u00e1s de Alportel Tel. 289 842 174 Correio eletr\u00f3nico: Geral: geral@jf-sbrasalportel.pt Presid\u00eancia: presidencia@jf-sbrasalportel.pt Taxas e Licen\u00e7as (expediente): atendimento@jf-sbrasalportel.pt Contabilidade: sec.contab@jf-sbrasalportel.pt Sec\u00e7\u00e3o de Educa\u00e7\u00e3o e Interven\u00e7\u00e3o Comunit\u00e1ria: igoncalves@jf-sbrasalportel Ver mapa maior\" \/>\n<meta property=\"og:url\" content=\"https:\/\/jf-sbrasalportel.pt\/jfsba\/contactos\/\" \/>\n<meta property=\"og:site_name\" content=\"Junta de Freguesia de S\u00e3o Br\u00e1s de Alportel\" \/>\n<meta property=\"article:modified_time\" content=\"2020-01-21T11:55:14+00:00\" \/>\n<meta name=\"twitter:card\" content=\"summary_large_image\" \/>\n<script type=\"application\/ld+json\" class=\"yoast-schema-graph\">{\"@context\":\"https:\\\/\\\/schema.org\",\"@graph\":[{\"@type\":\"WebPage\",\"@id\":\"https:\\\/\\\/jf-sbrasalportel.pt\\\/jfsba\\\/contactos\\\/\",\"url\":\"https:\\\/\\\/jf-sbrasalportel.pt\\\/jfsba\\\/contactos\\\/\",\"name\":\"Contactos - Junta de Freguesia de S\u00e3o Br\u00e1s de Alportel\",\"isPartOf\":{\"@id\":\"https:\\\/\\\/jf-sbrasalportel.pt\\\/jfsba\\\/#website\"},\"datePublished\":\"2014-06-12T10:13:42+00:00\",\"dateModified\":\"2020-01-21T11:55:14+00:00\",\"breadcrumb\":{\"@id\":\"https:\\\/\\\/jf-sbrasalportel.pt\\\/jfsba\\\/contactos\\\/#breadcrumb\"},\"inLanguage\":\"pt-PT\",\"potentialAction\":[{\"@type\":\"ReadAction\",\"target\":[\"https:\\\/\\\/jf-sbrasalportel.pt\\\/jfsba\\\/contactos\\\/\"]}]},{\"@type\":\"BreadcrumbList\",\"@id\":\"https:\\\/\\\/jf-sbrasalportel.pt\\\/jfsba\\\/contactos\\\/#breadcrumb\",\"itemListElement\":[{\"@type\":\"ListItem\",\"position\":1,\"name\":\"In\u00edcio\",\"item\":\"https:\\\/\\\/jf-sbrasalportel.pt\\\/jfsba\\\/\"},{\"@type\":\"ListItem\",\"position\":2,\"name\":\"Contactos\"}]},{\"@type\":\"WebSite\",\"@id\":\"https:\\\/\\\/jf-sbrasalportel.pt\\\/jfsba\\\/#website\",\"url\":\"https:\\\/\\\/jf-sbrasalportel.pt\\\/jfsba\\\/\",\"name\":\"Junta de Freguesia de S\u00e3o Br\u00e1s de Alportel\",\"description\":\"Site institucional da Freguesia de S\u00e3o Br\u00e1s de Alportel\",\"potentialAction\":[{\"@type\":\"SearchAction\",\"target\":{\"@type\":\"EntryPoint\",\"urlTemplate\":\"https:\\\/\\\/jf-sbrasalportel.pt\\\/jfsba\\\/?s={search_term_string}\"},\"query-input\":{\"@type\":\"PropertyValueSpecification\",\"valueRequired\":true,\"valueName\":\"search_term_string\"}}],\"inLanguage\":\"pt-PT\"}]}<\/script>\n<!-- \/ Yoast SEO plugin. -->","yoast_head_json":{"title":"Contactos - Junta de Freguesia de S\u00e3o Br\u00e1s de Alportel","robots":{"index":"index","follow":"follow","max-snippet":"max-snippet:-1","max-image-preview":"max-image-preview:large","max-video-preview":"max-video-preview:-1"},"canonical":"https:\/\/jf-sbrasalportel.pt\/jfsba\/contactos\/","og_locale":"pt_PT","og_type":"article","og_title":"Contactos - Junta de Freguesia de S\u00e3o Br\u00e1s de Alportel","og_description":"Junta de Freguesia de S\u00e3o Br\u00e1s de Alportel Rua Dr. Medeiros Galv\u00e3o, 1 8150-146 S\u00e3o Br\u00e1s de Alportel Tel. 289 842 174 Correio eletr\u00f3nico: Geral: geral@jf-sbrasalportel.pt Presid\u00eancia: presidencia@jf-sbrasalportel.pt Taxas e Licen\u00e7as (expediente): atendimento@jf-sbrasalportel.pt Contabilidade: sec.contab@jf-sbrasalportel.pt Sec\u00e7\u00e3o de Educa\u00e7\u00e3o e Interven\u00e7\u00e3o Comunit\u00e1ria: igoncalves@jf-sbrasalportel Ver mapa maior","og_url":"https:\/\/jf-sbrasalportel.pt\/jfsba\/contactos\/","og_site_name":"Junta de Freguesia de S\u00e3o Br\u00e1s de Alportel","article_modified_time":"2020-01-21T11:55:14+00:00","twitter_card":"summary_large_image","schema":{"@context":"https:\/\/schema.org","@graph":[{"@type":"WebPage","@id":"https:\/\/jf-sbrasalportel.pt\/jfsba\/contactos\/","url":"https:\/\/jf-sbrasalportel.pt\/jfsba\/contactos\/","name":"Contactos - Junta de Freguesia de S\u00e3o Br\u00e1s de Alportel","isPartOf":{"@id":"https:\/\/jf-sbrasalportel.pt\/jfsba\/#website"},"datePublished":"2014-06-12T10:13:42+00:00","dateModified":"2020-01-21T11:55:14+00:00","breadcrumb":{"@id":"https:\/\/jf-sbrasalportel.pt\/jfsba\/contactos\/#breadcrumb"},"inLanguage":"pt-PT","potentialAction":[{"@type":"ReadAction","target":["https:\/\/jf-sbrasalportel.pt\/jfsba\/contactos\/"]}]},{"@type":"BreadcrumbList","@id":"https:\/\/jf-sbrasalportel.pt\/jfsba\/contactos\/#breadcrumb","itemListElement":[{"@type":"ListItem","position":1,"name":"In\u00edcio","item":"https:\/\/jf-sbrasalportel.pt\/jfsba\/"},{"@type":"ListItem","position":2,"name":"Contactos"}]},{"@type":"WebSite","@id":"https:\/\/jf-sbrasalportel.pt\/jfsba\/#website","url":"https:\/\/jf-sbrasalportel.pt\/jfsba\/","name":"Junta de Freguesia de S\u00e3o Br\u00e1s de Alportel","description":"Site institucional da Freguesia de S\u00e3o Br\u00e1s de Alportel","potentialAction":[{"@type":"SearchAction","target":{"@type":"EntryPoint","urlTemplate":"https:\/\/jf-sbrasalportel.pt\/jfsba\/?s={search_term_string}"},"query-input":{"@type":"PropertyValueSpecification","valueRequired":true,"valueName":"search_term_string"}}],"inLanguage":"pt-PT"}]}},"_links":{"self":[{"href":"https:\/\/jf-sbrasalportel.pt\/jfsba\/wp-json\/wp\/v2\/pages\/422","targetHints":{"allow":["GET"]}}],"collection":[{"href":"https:\/\/jf-sbrasalportel.pt\/jfsba\/wp-json\/wp\/v2\/pages"}],"about":[{"href":"https:\/\/jf-sbrasalportel.pt\/jfsba\/wp-json\/wp\/v2\/types\/page"}],"author":[{"embeddable":true,"href":"https:\/\/jf-sbrasalportel.pt\/jfsba\/wp-json\/wp\/v2\/users\/1"}],"replies":[{"embeddable":true,"href":"https:\/\/jf-sbrasalportel.pt\/jfsba\/wp-json\/wp\/v2\/comments?post=422"}],"version-history":[{"count":9,"href":"https:\/\/jf-sbrasalportel.pt\/jfsba\/wp-json\/wp\/v2\/pages\/422\/revisions"}],"predecessor-version":[{"id":2927,"href":"https:\/\/jf-sbrasalportel.pt\/jfsba\/wp-json\/wp\/v2\/pages\/422\/revisions\/2927"}],"wp:attachment":[{"href":"https:\/\/jf-sbrasalportel.pt\/jfsba\/wp-json\/wp\/v2\/media?parent=422"}],"curies":[{"name":"wp","href":"https:\/\/api.w.org\/{rel}","templated":true}]}}