{"id":2180,"date":"2018-04-19T03:34:32","date_gmt":"2018-04-19T03:34:32","guid":{"rendered":"http:\/\/jf-sbrasalportel.pt\/jfsba\/?page_id=2180"},"modified":"2025-11-12T16:44:57","modified_gmt":"2025-11-12T16:44:57","slug":"mensagem-do-presidente","status":"publish","type":"page","link":"https:\/\/jf-sbrasalportel.pt\/jfsba\/a-_autarquia\/0_autarq_ex\/mensagem-do-presidente\/","title":{"rendered":"Mensagem do Presidente"},"content":{"rendered":"<p>Caras e caros amigos S\u00e3o-Brasenses.<\/p>\n<p>\u00c9 com orgulho que me dirijo a todos v\u00f3s, nesta minha mensagem.<\/p>\n<p>S\u00f3 posso come\u00e7ar com uma palavra de gratid\u00e3o, aproveitando para agradecer a oportunidade que agarrei com um enorme esp\u00edrito de miss\u00e3o e responsabilidade para assim servir a Terra que me viu nascer e crescer como homem e hoje como Presidente da Junta de Freguesia.<\/p>\n<p>Respeitamos o passado, vivemos intensamente o presente e estamos igualmente com os olhos focados no futuro, trabalhando para o alcance de novas metas e objetivos a que nos propusemos.<\/p>\n<p>O progresso, como tudo na vida, faz-se com trabalho, com uni\u00e3o, com humildade e solidariedade. Esta tem sido e continuar\u00e1 a ser a nossa maior bandeira, tendo como base os alicerces s\u00f3lidos do bom trabalho desenvolvido, a proximidade e o di\u00e1logo, com a certeza de que teremos sempre uma Junta de Freguesia de portas abertas para todos os S\u00e3o-Brasenses.<\/p>\n<p>Promover a qualidade de vida \u00e9, sem d\u00favida, o papel preponderante da Junta de Freguesia, procurando continuamente e dentro das nossas compet\u00eancias, as melhores solu\u00e7\u00f5es para realizar obra e para dar mais dignidade \u00e0s vidas que precisam. Assim, a Rede de Voluntariado, a Loja Social, a Universidade S\u00e9nior, os Seniores em Movimento, o Cora\u00e7\u00e3o Ativo e outros, seja em parceria com a C\u00e2mara Municipal ou em colabora\u00e7\u00e3o com outras entidades e associa\u00e7\u00f5es, s\u00e3o projetos fundamentais que est\u00e3o a merecer todo o nosso empenho para a sua continuidade, mas tamb\u00e9m para aumentar a sua din\u00e2mica e alargar os respetivos campos de interven\u00e7\u00e3o.<\/p>\n<p>Sei bem o que \u00e9 estar ao lado de gente empenhada, pessoas ativas que sonham, que criam, que projetam e que participam ativamente, alimentando, todos os dias, o dinamismo da nossa Terra e desta forma, digna e respeitosa, elevar sempre o nome de S\u00e3o Br\u00e1s de Alportel.<\/p>\n<p>Conto com todos!<\/p>\n<p>Um bem-haja meus amigos.<\/p>\n<p>O Presidente da Junta de Freguesia,<\/p>\n<p><strong>Jo\u00e3o Rosa<\/strong><\/p>\n","protected":false},"excerpt":{"rendered":"<p>Caras e caros amigos S\u00e3o-Brasenses. \u00c9 com orgulho que me dirijo a todos v\u00f3s, nesta minha mensagem. S\u00f3 posso come\u00e7ar com uma palavra de gratid\u00e3o, aproveitando para agradecer a oportunidade que agarrei com um enorme esp\u00edrito de miss\u00e3o e responsabilidade para assim servir a Terra que me viu nascer e crescer como homem e hoje &hellip; <a href=\"https:\/\/jf-sbrasalportel.pt\/jfsba\/a-_autarquia\/0_autarq_ex\/mensagem-do-presidente\/\" class=\"more-link\">Continuar a ler<span class=\"screen-reader-text\">Mensagem do Presidente<\/span> <span class=\"meta-nav\">&rarr;<\/span><\/a><\/p>\n","protected":false},"author":1,"featured_media":0,"parent":144,"menu_order":1,"comment_status":"closed","ping_status":"closed","template":"","meta":{"_monsterinsights_skip_tracking":false,"_monsterinsights_sitenote_active":false,"_monsterinsights_sitenote_note":"","_monsterinsights_sitenote_category":0,"ngg_post_thumbnail":0,"footnotes":""},"class_list":["post-2180","page","type-page","status-publish","hentry"],"yoast_head":"<!-- This site is optimized with the Yoast SEO plugin v27.4 - https:\/\/yoast.com\/product\/yoast-seo-wordpress\/ -->\n<title>Mensagem do Presidente - Junta de Freguesia de S\u00e3o Br\u00e1s de Alportel<\/title>\n<meta name=\"robots\" content=\"index, follow, max-snippet:-1, max-image-preview:large, max-video-preview:-1\" \/>\n<link rel=\"canonical\" href=\"https:\/\/jf-sbrasalportel.pt\/jfsba\/a-_autarquia\/0_autarq_ex\/mensagem-do-presidente\/\" \/>\n<meta property=\"og:locale\" content=\"pt_PT\" \/>\n<meta property=\"og:type\" content=\"article\" \/>\n<meta property=\"og:title\" content=\"Mensagem do Presidente - Junta de Freguesia de S\u00e3o Br\u00e1s de Alportel\" \/>\n<meta property=\"og:description\" content=\"Caras e caros amigos S\u00e3o-Brasenses. \u00c9 com orgulho que me dirijo a todos v\u00f3s, nesta minha mensagem. S\u00f3 posso come\u00e7ar com uma palavra de gratid\u00e3o, aproveitando para agradecer a oportunidade que agarrei com um enorme esp\u00edrito de miss\u00e3o e responsabilidade para assim servir a Terra que me viu nascer e crescer como homem e hoje &hellip; Continuar a lerMensagem do Presidente &rarr;\" \/>\n<meta property=\"og:url\" content=\"https:\/\/jf-sbrasalportel.pt\/jfsba\/a-_autarquia\/0_autarq_ex\/mensagem-do-presidente\/\" \/>\n<meta property=\"og:site_name\" content=\"Junta de Freguesia de S\u00e3o Br\u00e1s de Alportel\" \/>\n<meta property=\"article:modified_time\" content=\"2025-11-12T16:44:57+00:00\" \/>\n<meta name=\"twitter:card\" content=\"summary_large_image\" \/>\n<meta name=\"twitter:label1\" content=\"Tempo estimado de leitura\" \/>\n\t<meta name=\"twitter:data1\" content=\"2 minutos\" \/>\n<script type=\"application\/ld+json\" class=\"yoast-schema-graph\">{\"@context\":\"https:\\\/\\\/schema.org\",\"@graph\":[{\"@type\":\"WebPage\",\"@id\":\"https:\\\/\\\/jf-sbrasalportel.pt\\\/jfsba\\\/a-_autarquia\\\/0_autarq_ex\\\/mensagem-do-presidente\\\/\",\"url\":\"https:\\\/\\\/jf-sbrasalportel.pt\\\/jfsba\\\/a-_autarquia\\\/0_autarq_ex\\\/mensagem-do-presidente\\\/\",\"name\":\"Mensagem do Presidente - Junta de Freguesia de S\u00e3o Br\u00e1s de Alportel\",\"isPartOf\":{\"@id\":\"https:\\\/\\\/jf-sbrasalportel.pt\\\/jfsba\\\/#website\"},\"datePublished\":\"2018-04-19T03:34:32+00:00\",\"dateModified\":\"2025-11-12T16:44:57+00:00\",\"breadcrumb\":{\"@id\":\"https:\\\/\\\/jf-sbrasalportel.pt\\\/jfsba\\\/a-_autarquia\\\/0_autarq_ex\\\/mensagem-do-presidente\\\/#breadcrumb\"},\"inLanguage\":\"pt-PT\",\"potentialAction\":[{\"@type\":\"ReadAction\",\"target\":[\"https:\\\/\\\/jf-sbrasalportel.pt\\\/jfsba\\\/a-_autarquia\\\/0_autarq_ex\\\/mensagem-do-presidente\\\/\"]}]},{\"@type\":\"BreadcrumbList\",\"@id\":\"https:\\\/\\\/jf-sbrasalportel.pt\\\/jfsba\\\/a-_autarquia\\\/0_autarq_ex\\\/mensagem-do-presidente\\\/#breadcrumb\",\"itemListElement\":[{\"@type\":\"ListItem\",\"position\":1,\"name\":\"In\u00edcio\",\"item\":\"https:\\\/\\\/jf-sbrasalportel.pt\\\/jfsba\\\/\"},{\"@type\":\"ListItem\",\"position\":2,\"name\":\": : : : : : : : : : : : : : : : A _AUTARQUIA : : : : : : : : : : : : : : : :\",\"item\":\"https:\\\/\\\/jf-sbrasalportel.pt\\\/jfsba\\\/a-_autarquia\\\/\"},{\"@type\":\"ListItem\",\"position\":3,\"name\":\"&#8211; &#8211; &#8211; &#8211; &#8211; &#8211; &#8211; &#8211; &#8211; &#8211; &#8211; &#8211; &#8211; &#8211; &#8211; &#8211; &#8211; &#8211; EXECUTIVO &#8211; &#8211; &#8211; &#8211; &#8211; &#8211; &#8211; &#8211; &#8211; &#8211; &#8211; &#8211; &#8211; &#8211; &#8211; &#8211; &#8211; &#8211;\",\"item\":\"https:\\\/\\\/jf-sbrasalportel.pt\\\/jfsba\\\/a-_autarquia\\\/0_autarq_ex\\\/\"},{\"@type\":\"ListItem\",\"position\":4,\"name\":\"Mensagem do Presidente\"}]},{\"@type\":\"WebSite\",\"@id\":\"https:\\\/\\\/jf-sbrasalportel.pt\\\/jfsba\\\/#website\",\"url\":\"https:\\\/\\\/jf-sbrasalportel.pt\\\/jfsba\\\/\",\"name\":\"Junta de Freguesia de S\u00e3o Br\u00e1s de Alportel\",\"description\":\"Site institucional da Freguesia de S\u00e3o Br\u00e1s de Alportel\",\"potentialAction\":[{\"@type\":\"SearchAction\",\"target\":{\"@type\":\"EntryPoint\",\"urlTemplate\":\"https:\\\/\\\/jf-sbrasalportel.pt\\\/jfsba\\\/?s={search_term_string}\"},\"query-input\":{\"@type\":\"PropertyValueSpecification\",\"valueRequired\":true,\"valueName\":\"search_term_string\"}}],\"inLanguage\":\"pt-PT\"}]}<\/script>\n<!-- \/ Yoast SEO plugin. -->","yoast_head_json":{"title":"Mensagem do Presidente - Junta de Freguesia de S\u00e3o Br\u00e1s de Alportel","robots":{"index":"index","follow":"follow","max-snippet":"max-snippet:-1","max-image-preview":"max-image-preview:large","max-video-preview":"max-video-preview:-1"},"canonical":"https:\/\/jf-sbrasalportel.pt\/jfsba\/a-_autarquia\/0_autarq_ex\/mensagem-do-presidente\/","og_locale":"pt_PT","og_type":"article","og_title":"Mensagem do Presidente - Junta de Freguesia de S\u00e3o Br\u00e1s de Alportel","og_description":"Caras e caros amigos S\u00e3o-Brasenses. \u00c9 com orgulho que me dirijo a todos v\u00f3s, nesta minha mensagem. S\u00f3 posso come\u00e7ar com uma palavra de gratid\u00e3o, aproveitando para agradecer a oportunidade que agarrei com um enorme esp\u00edrito de miss\u00e3o e responsabilidade para assim servir a Terra que me viu nascer e crescer como homem e hoje &hellip; Continuar a lerMensagem do Presidente &rarr;","og_url":"https:\/\/jf-sbrasalportel.pt\/jfsba\/a-_autarquia\/0_autarq_ex\/mensagem-do-presidente\/","og_site_name":"Junta de Freguesia de S\u00e3o Br\u00e1s de Alportel","article_modified_time":"2025-11-12T16:44:57+00:00","twitter_card":"summary_large_image","twitter_misc":{"Tempo estimado de leitura":"2 minutos"},"schema":{"@context":"https:\/\/schema.org","@graph":[{"@type":"WebPage","@id":"https:\/\/jf-sbrasalportel.pt\/jfsba\/a-_autarquia\/0_autarq_ex\/mensagem-do-presidente\/","url":"https:\/\/jf-sbrasalportel.pt\/jfsba\/a-_autarquia\/0_autarq_ex\/mensagem-do-presidente\/","name":"Mensagem do Presidente - Junta de Freguesia de S\u00e3o Br\u00e1s de Alportel","isPartOf":{"@id":"https:\/\/jf-sbrasalportel.pt\/jfsba\/#website"},"datePublished":"2018-04-19T03:34:32+00:00","dateModified":"2025-11-12T16:44:57+00:00","breadcrumb":{"@id":"https:\/\/jf-sbrasalportel.pt\/jfsba\/a-_autarquia\/0_autarq_ex\/mensagem-do-presidente\/#breadcrumb"},"inLanguage":"pt-PT","potentialAction":[{"@type":"ReadAction","target":["https:\/\/jf-sbrasalportel.pt\/jfsba\/a-_autarquia\/0_autarq_ex\/mensagem-do-presidente\/"]}]},{"@type":"BreadcrumbList","@id":"https:\/\/jf-sbrasalportel.pt\/jfsba\/a-_autarquia\/0_autarq_ex\/mensagem-do-presidente\/#breadcrumb","itemListElement":[{"@type":"ListItem","position":1,"name":"In\u00edcio","item":"https:\/\/jf-sbrasalportel.pt\/jfsba\/"},{"@type":"ListItem","position":2,"name":": : : : : : : : : : : : : : : : A _AUTARQUIA : : : : : : : : : : : : : : : :","item":"https:\/\/jf-sbrasalportel.pt\/jfsba\/a-_autarquia\/"},{"@type":"ListItem","position":3,"name":"&#8211; &#8211; &#8211; &#8211; &#8211; &#8211; &#8211; &#8211; &#8211; &#8211; &#8211; &#8211; &#8211; &#8211; &#8211; &#8211; &#8211; &#8211; EXECUTIVO &#8211; &#8211; &#8211; &#8211; &#8211; &#8211; &#8211; &#8211; &#8211; &#8211; &#8211; &#8211; &#8211; &#8211; &#8211; &#8211; &#8211; &#8211;","item":"https:\/\/jf-sbrasalportel.pt\/jfsba\/a-_autarquia\/0_autarq_ex\/"},{"@type":"ListItem","position":4,"name":"Mensagem do Presidente"}]},{"@type":"WebSite","@id":"https:\/\/jf-sbrasalportel.pt\/jfsba\/#website","url":"https:\/\/jf-sbrasalportel.pt\/jfsba\/","name":"Junta de Freguesia de S\u00e3o Br\u00e1s de Alportel","description":"Site institucional da Freguesia de S\u00e3o Br\u00e1s de Alportel","potentialAction":[{"@type":"SearchAction","target":{"@type":"EntryPoint","urlTemplate":"https:\/\/jf-sbrasalportel.pt\/jfsba\/?s={search_term_string}"},"query-input":{"@type":"PropertyValueSpecification","valueRequired":true,"valueName":"search_term_string"}}],"inLanguage":"pt-PT"}]}},"_links":{"self":[{"href":"https:\/\/jf-sbrasalportel.pt\/jfsba\/wp-json\/wp\/v2\/pages\/2180","targetHints":{"allow":["GET"]}}],"collection":[{"href":"https:\/\/jf-sbrasalportel.pt\/jfsba\/wp-json\/wp\/v2\/pages"}],"about":[{"href":"https:\/\/jf-sbrasalportel.pt\/jfsba\/wp-json\/wp\/v2\/types\/page"}],"author":[{"embeddable":true,"href":"https:\/\/jf-sbrasalportel.pt\/jfsba\/wp-json\/wp\/v2\/users\/1"}],"replies":[{"embeddable":true,"href":"https:\/\/jf-sbrasalportel.pt\/jfsba\/wp-json\/wp\/v2\/comments?post=2180"}],"version-history":[{"count":2,"href":"https:\/\/jf-sbrasalportel.pt\/jfsba\/wp-json\/wp\/v2\/pages\/2180\/revisions"}],"predecessor-version":[{"id":5042,"href":"https:\/\/jf-sbrasalportel.pt\/jfsba\/wp-json\/wp\/v2\/pages\/2180\/revisions\/5042"}],"up":[{"embeddable":true,"href":"https:\/\/jf-sbrasalportel.pt\/jfsba\/wp-json\/wp\/v2\/pages\/144"}],"wp:attachment":[{"href":"https:\/\/jf-sbrasalportel.pt\/jfsba\/wp-json\/wp\/v2\/media?parent=2180"}],"curies":[{"name":"wp","href":"https:\/\/api.w.org\/{rel}","templated":true}]}}