{"id":116,"date":"2014-05-20T16:42:01","date_gmt":"2014-05-20T16:42:01","guid":{"rendered":"http:\/\/jf-sbrasalportel.pt\/jf\/?page_id=116"},"modified":"2014-08-18T12:09:18","modified_gmt":"2014-08-18T12:09:18","slug":"historia","status":"publish","type":"page","link":"https:\/\/jf-sbrasalportel.pt\/jfsba\/a_freguesia\/historia\/","title":{"rendered":"Hist\u00f3ria"},"content":{"rendered":"<p style=\"color: #666666;\"><strong>O territ\u00f3rio que actualmente \u00e9 ocupado pelo concelho de S\u00e3o Br\u00e1s de Alportel esconde a Hist\u00f3ria de muitos milhares de anos.<\/strong><\/p>\n<p style=\"color: #666666;\">A ocupa\u00e7\u00e3o humana no Concelho de S\u00e3o Br\u00e1s de Alportel ascende \u00e0 Pr\u00e9\u2013Hist\u00f3ria (desde o Paleol\u00edtico), como atestam diversos achados, tais como lascas de s\u00edlex, quartzo e quartzito, um brunidor de xisto negro e um seixo em xisto jasp\u00f3ide que parece ter desenhado numa das superf\u00edcies um bov\u00eddeo e, na outra, um cavalo (arte m\u00f3vel).<\/p>\n<p style=\"color: #666666;\">No que se refere \u00e0 Proto-Hist\u00f3ria, o desconhecimento \u00e9 ainda total. Os per\u00edodos hist\u00f3ricos mais representados e, por isso, mais estudados s\u00e3o o romano e o medieval isl\u00e2mico.<\/p>\n<p><div class=\"wc-shortcodes-accordion wc-shortcodes-item wc-shortcodes-accordion-collapse wc-shortcodes-accordion-layout-box\" data-behavior=\"autoclose\" data-start-state=\"collapse\"><\/p>\n<div class=\"wc-shortcodes-accordion-trigger \"><a href=\"#\">Na \u00e9poca Romana<\/a><\/div>\n<div class=\"wc-shortcodes-accordion-content-wrapper\">\n<div class=\"wc-shortcodes-accordion-content wc-shortcodes-content\">\n<figure style=\"width: 200px\" class=\"wp-caption alignright\"><img loading=\"lazy\" decoding=\"async\" title=\"Asa de S\u00edtula, s\u00e9c. IV\" src=\"http:\/\/cms.cm-sbras.pt\/\/upload_files\/client_id_1\/website_id_1\/Concelho\/Historia\/arqueologia\/asa_situla.jpg\" alt=\"Asa de S\u00edtula, em bronze, Tipo I (Delgado, 1975), s\u00e9c. IV\" width=\"200\" height=\"206\" \/><figcaption class=\"wp-caption-text\">Asa de S\u00edtula, em bronze, Tipo I (Delgado, 1975), s\u00e9c. IV<\/figcaption><\/figure>\n<p>A presen\u00e7a Romana ficou testemunhada, neste territ\u00f3rio, por diversos vest\u00edgios que nos apontam para a exist\u00eancia de poss\u00edveis necr\u00f3poles, casais agr\u00edcolas, uma villa, uma mutatio (esta\u00e7\u00e3o de muda de animais e carros para viajantes) e as cal\u00e7adas que integravam a antiga rede vi\u00e1ria romana.\u00a0Esses s\u00edtios foram identificados pela presen\u00e7a de fragmentos de cer\u00e2mica fina (campaniense e terra sigillata), comum, de armazenamento (\u00e2nforas e dolia) e de constru\u00e7\u00e3o (tegulae, \u00edmbrices, tijolos) e de ilumina\u00e7\u00e3o (lucernas), bem como pela descoberta de um mascar\u00e3o de asa de s\u00edtula (pega de panela) e de sepulturas com esp\u00f3lio associado, cuja cronologia mais antiga remete para o s\u00e9culo II\/I a.C. prolongando-se at\u00e9 ao IV\u2013V d.C.<\/p>\n<p style=\"color: #666666;\">(PEREIRA, 2002b:2).<\/p>\n<p style=\"color: #666666;\">De salientar ainda os dois monumentos funer\u00e1rios, em forma de ara, em que um deles (IRPC 64) apresenta, al\u00e9m da inscri\u00e7\u00e3o a Cec\u00edlia Marina, uma decora\u00e7\u00e3o em relevo nas quatro faces considerada nica no Conventus Pacensis (ENCARNA\u00c7\u00c3O, 1984: 112-113).<\/p>\n<\/div>\n<\/div>\n<p><\/p>\n<div class=\"wc-shortcodes-accordion-trigger \"><a href=\"#\">Na \u00e9poca Isl\u00e2mica<\/a><\/div>\n<div class=\"wc-shortcodes-accordion-content-wrapper\">\n<div class=\"wc-shortcodes-accordion-content wc-shortcodes-content\">\n<figure style=\"width: 200px\" class=\"wp-caption alignright\"><img loading=\"lazy\" decoding=\"async\" title=\"Amuleto, s\u00e9c. XI\/XII\" src=\"http:\/\/cms.cm-sbras.pt\/\/upload_files\/client_id_1\/website_id_1\/Concelho\/Historia\/arqueologia\/amuleto.jpg\" alt=\"Amuleto com inscri\u00e7\u00e3o religiosa, s\u00e9c. XI\/XII\" width=\"200\" height=\"262\" \/><figcaption class=\"wp-caption-text\">Amuleto com inscri\u00e7\u00e3o religiosa, s\u00e9c. XI\/XII<\/figcaption><\/figure>\n<p style=\"color: #666666;\">A ocupa\u00e7\u00e3o Isl\u00e2mica est\u00e1 atestada atrav\u00e9s de fontes documentais (s\u00e9culos XI-XIII) (KHAWLI, 2007: 22) e de s\u00edtios arqueol\u00f3gicos com uma ocupa\u00e7\u00e3o cronol\u00f3gica compreendida entre os per\u00edodos Califal (s\u00e9culos X-XI) e Alm\u00f3ada (s\u00e9culos XII-XIII), designadamente alcarias e pequenos povoados agr\u00edcolas, alguns localizados junto de vias calcetadas (PEREIRA, 2004a).<br \/>Esses s\u00edtios foram identificados pela presen\u00e7a de artefactos cer\u00e2micos: lou\u00e7a de mesa (decoradas a \u201ccorda seca\u201d e vidrados melados com decora\u00e7\u00e3o a mangan\u00eas), de cozinha (panelas e alguidares), de armazenamento (c\u00e2ntaros, talhas) e de constru\u00e7\u00e3o (telhas digitadas); e ainda por artefactos met\u00e1licos: tais como dois amuletos (objectos profil\u00e1cticos) que cont\u00eam inscri\u00e7\u00f5es religiosas (s\u00e9culos XI-XII e XII-XIII), e um conjunto de moedas que integra um dinar (moeda em ouro).<br \/>Desde a \u00e9poca romana (s\u00e9culo II\/I a.C.) at\u00e9 \u00e0 funda\u00e7\u00e3o do concelho, em 1914 (s\u00e9culo XX) S\u00e3o Br\u00e1s de Alportel pertenceu ao termo da cidade de Faro (Ossonoba), motivo pelo qual a sua hist\u00f3ria mant\u00e9m, ao longo de todos estes s\u00e9culos, uma estreita rela\u00e7\u00e3o com a dessa cidade.<br \/>Contudo, pouco se sabe da hist\u00f3ria do actual concelho de S\u00e3o Br\u00e1s de Alportel no per\u00edodo que medeia entre 1249\/50 (2\u00aa metade do s\u00e9culo XIII &#8211; \u00faltima conquista do Algarve) e 1517 (in\u00edcios do s\u00e9culo XVI &#8211; Visita\u00e7\u00e3o da Ordem de Santiago).<\/p>\n<p style=\"color: #666666;\"><\/div>\n<\/div>\n<p><\/p>\n<div class=\"wc-shortcodes-accordion-trigger \"><a href=\"#\">Na \u00e9poca Moderna<\/a><\/div>\n<div class=\"wc-shortcodes-accordion-content-wrapper\">\n<div class=\"wc-shortcodes-accordion-content wc-shortcodes-content\">\n<p style=\"color: #666666;\">No s\u00e9culo XV, S\u00e3o Br\u00e1s de Alportel seria um lugar com uma simples ermida. Este pequeno templo situava-se junto \u00e0 antiga via de origem romana \u2013 a actual \u201cCal\u00e7adinha\u201d \u2013 que fazia a liga\u00e7\u00e3o, no termo de Faro, entre esta localidade e as terras do Norte. As poucas not\u00edcias conhecidas s\u00e3o, em regra, muito tardias.<\/p>\n<p style=\"color: #666666;\">Em meados do s\u00e9culo XVI, \u00e0 semelhan\u00e7a do que aconteceu em diversas localidades algarvias, S\u00e3o Br\u00e1s de Alportel foi elevada a sede de freguesia e, consequentemente, reconstru\u00eddo um novo templo e mais amplo.<\/p>\n<p style=\"color: #666666;\">Entre os s\u00e9culos XVII e XVIII, na sequ\u00eancia da transfer\u00eancia da sede de bispado de Silves para Faro (1581), o ent\u00e3o Bispo do Algarve mandou construir aqui o Pal\u00e1cio Episcopal.<\/p>\n<p style=\"color: #666666;\"><\/div>\n<\/div>\n<p><\/p>\n<div class=\"wc-shortcodes-accordion-trigger \"><a href=\"#\">Na \u00e9poca Contempor\u00e2nea<\/a><\/div>\n<div class=\"wc-shortcodes-accordion-content-wrapper\">\n<div class=\"wc-shortcodes-accordion-content wc-shortcodes-content\">\n<p style=\"color: #666666;\">Durante o s\u00e9culo XIX, a freguesia tornou-se um importante centro econ\u00f3mico. As planta\u00e7\u00f5es de sobreiros incentivaram o desenvolvimento comercial e fizeram de S\u00e3o Br\u00e1s de Alportel o maior centro produtor de corti\u00e7a de Portugal.<\/p>\n<p style=\"color: #666666;\">No in\u00edcio do s\u00e9culo XX (1912), S\u00e3o Br\u00e1s de Alportel era a maior freguesia do concelho de Faro, contando cerca de 12.500 habitantes. A expans\u00e3o econ\u00f3mica e populacional da freguesia constituiu um factor decisivo para a sua eleva\u00e7\u00e3o a concelho.<\/p>\n<figure style=\"width: 200px\" class=\"wp-caption alignright\"><img loading=\"lazy\" decoding=\"async\" title=\"Jo\u00e3o Rosa Beatriz &#091;19\/04\/1881&gt; 27\/07\/1969&#093;\" src=\"http:\/\/cms.cm-sbras.pt\/\/upload_files\/client_id_1\/website_id_1\/Concelho\/Historia\/arqueologia\/Joao_Rosa_Beatriz.jpg\" alt=\"Jo\u00e3o Rosa Beatriz nasceu em S\u00e3o Br\u00e1s de Alportel, em 1881, foi republicano e defensor da cria\u00e7\u00e3o do munic\u00edpio de S\u00e3o Br\u00e1s de Alportel.\" width=\"200\" height=\"266\" \/><figcaption class=\"wp-caption-text\">Jo\u00e3o Rosa Beatriz nasceu em S\u00e3o Br\u00e1s de Alportel, em 1881, foi republicano e defensor da cria\u00e7\u00e3o do munic\u00edpio de S\u00e3o Br\u00e1s de Alportel.<\/figcaption><\/figure>\n<p style=\"color: #666666;\">O movimento em defesa da autonomia de S\u00e3o Br\u00e1s de Alportel surgira no in\u00edcio do s\u00e9culo XX, motivado pelo crescimento econ\u00f3mico da aldeia. \u00c9 a Comiss\u00e3o Paroquial Republicana quem assume a organiza\u00e7\u00e3o do movimento, que ganha for\u00e7a a partir de 1910, pois s\u00e3o mais favor\u00e1veis as condi\u00e7\u00f5es pol\u00edticas e encontram-se no governo os velhos correligion\u00e1rios da propaganda republicana, conhecidos de Jo\u00e3o Rosa Beatriz.<\/p>\n<p style=\"color: #666666;\">S\u00e3o muitas as barreiras que se levantam \u00e0s pretens\u00f5es dos republicanos s\u00e3o-brasenses. Jo\u00e3o Rosa Beatriz deslocou-se a Lisboa por diversas vezes, solicitando o apoio de v\u00e1rias personalidades que se revelaram decisivas para a concretiza\u00e7\u00e3o daquele desejo.<\/p>\n<p style=\"color: #666666;\">Em Dezembro de 1912, o seu chefe revolucion\u00e1rio Machado Santos apresenta, na C\u00e2mara de Deputados, o projecto de lei que outorga a autonomia administrativa da ent\u00e3o freguesia mais populosa do concelho de Faro.<\/p>\n<p style=\"color: #666666;\">Pelo esfor\u00e7o e dilig\u00eancia de Jo\u00e3o Rosa Beatriz, o projecto de lei foi aprovado e publicado em Di\u00e1rio do Governo, a 1 de Junho de 1914, elevando a Concelho a freguesia de S\u00e3o Br\u00e1s, com a denomina\u00e7\u00e3o de Alportel e com sede na aldeia de S\u00e3o Br\u00e1s. Tornava-se realidade o sonho de quantos esperavam h\u00e1 muito o alvorecer do dia em que a aldeia de S\u00e3o Br\u00e1s de Alportel seria elevada a concelho.<\/p>\n<p style=\"color: #666666;\">No percurso dos acontecimentos, foi criada ent\u00e3o uma Comiss\u00e3o Administrativa provis\u00f3ria, presidida por Virg\u00edlio de Passos. Para instalar o novo Munic\u00edpio, e ap\u00f3s acesas lutas, foi autorizada, no dia 5 de Setembro, a ced\u00eancia \u00e0 C\u00e2mara de Alportel do Pa\u00e7o Episcopal e respectiva cerca e Resid\u00eancia paroquial, para ali funcionarem as escolas oficiais do ensino<br \/>prim\u00e1rio e as reparti\u00e7\u00f5es p\u00fablicas, municipais e do Estado.<\/p>\n<p style=\"color: #666666;\">No dia 14 de Outubro daquele ano, Jo\u00e3o Rosa Beatriz foi nomeado, pelo Governador Civil de Faro, para o cargo de administrador interino do concelho (cargo equivalente ao que hoje conhecemos como Presidente da C\u00e2mara), estabelecendo como prioridades a educa\u00e7\u00e3o p\u00fablica, a seguran\u00e7a e a manuten\u00e7\u00e3o da ordem p\u00fablica, bem como as acessibilidades \u00e0 vila de S\u00e3o Br\u00e1s de Alportel.<\/p>\n<p style=\"color: #666666;\">A 8 de Novembro, foi eleita a primeira Comiss\u00e3o Municipal de S\u00e3o Br\u00e1s de Alportel, sendo Jos\u00e9 Pereira da Machada, o presidente do Senado.<br \/>Pouco tempo depois, uma s\u00fabita mudan\u00e7a pol\u00edtica alterou o rumo dos acontecimentos. O governo democr\u00e1tico nomeara um novo Governador Civil para o distrito de Faro, o qual, por sua vez, exonerou Jo\u00e3o Rosa Beatriz do seu cargo, substituindo-o pelo Dr. Jos\u00e9 Baptista Dias Gomes.<br \/>Destitu\u00eddo do seu cargo, Jo\u00e3o Rosa Beatriz n\u00e3o deixa de professar os seus ideais e o seu amor \u00e0 terra onde nasceu, lutando ainda por v\u00e1rios benef\u00edcios para o seu concelho: a instala\u00e7\u00e3o de uma biblioteca m\u00f3vel na vila, a cria\u00e7\u00e3o de um cart\u00f3rio municipal, a coloca\u00e7\u00e3o de um carteiro rural no munic\u00edpio e a instala\u00e7\u00e3o da linha-f\u00e9rrea de liga\u00e7\u00e3o entre Loul\u00e9 e S\u00e3o Br\u00e1s.<\/p>\n<p style=\"color: #666666;\">Em Abril de 1916, durante um violento motim, o batalh\u00e3o de volunt\u00e1rios que ent\u00e3o chefiava teve ainda um papel fundamental no restabelecimento da ordem p\u00fablica em S\u00e3o Br\u00e1s.<\/p>\n<p style=\"color: #666666;\">Por\u00e9m, o mundo assistia \u00e0 destrui\u00e7\u00e3o provocada pela Primeira Guerra Mundial. De S\u00e3o Br\u00e1s de Alportel partiram muitos jovens recrutados pelo Ex\u00e9rcito, enquanto outros procuravam novos rumos para os seus neg\u00f3cios e para as suas vidas.<\/p>\n<p style=\"color: #666666;\">E os ventos da Hist\u00f3ria obrigaram a que muitos dos sonhos que guiaram os intr\u00e9pidos fundadores do concelho de S\u00e3o Br\u00e1s de Alportel tivessem aguardar d\u00e9cadas para se concretizarem.<\/p>\n<p><span style=\"color: #666666;\"><\/div>\n<\/div>\n<p><\/span><\/p>\n<p><div class=\"wc-shortcodes-accordion-trigger \"><a href=\"#\">Bibliografia<\/a><\/div>\n<div class=\"wc-shortcodes-accordion-content-wrapper\">\n<div class=\"wc-shortcodes-accordion-content wc-shortcodes-content\">\n<p><strong>ENCARNA\u00c7\u00c3O, J. d&#8217;, (1984),\u00a0<\/strong>Inscri\u00e7\u00f5es romanas do Conventus Pacensis. Subs\u00eddios para o estudo da romaniza\u00e7\u00e3o, 2 Vols., Instituto de Arqueologia da Faculdade de Letras de Coimbra, Coimbra, pp. 112-113 e 116-117.<\/p>\n<p><span style=\"font-size: 10pt;\"><strong>KHAWLI, Abdallah, (2002)<\/strong>, Quelques r\u00e9fletions sur l\u2019histoire de l\u2019Algarve pendant les premiers si\u00e8cles de l\u2019islamisation (VIII-XI\u00e8me si\u00e8cle). in, XARAJ\u00ceB 2, Revista do Centro de Estudos Luso-\u00c1rabes de Silves, Silves, pp. 21-38.<\/span><\/p>\n<p><span style=\"font-size: 10pt;\"><strong>PEREIRA, Angelina, (2002b)<\/strong>, O Legado Romano, Edi\u00e7\u00e3o C\u00e2mara Municipal de S\u00e3o Br\u00e1s de Alportel, S\u00e3o Br\u00e1s de Alportel.<\/span><\/p>\n<p><span style=\"font-size: 10pt;\"><strong>id, , (2004a)<\/strong>, O Legado Isl\u00e2mico, Edi\u00e7\u00e3o C\u00e2mara Municipal de S\u00e3o Br\u00e1s de Alportel, S\u00e3o Br\u00e1s de Alportel.<\/span><\/p>\n<p><span style=\"color: #666666;\"><\/div>\n<\/div>\n<p><\/span><\/div>\n<\/p>\n<p style=\"color: #666666; text-align: right;\"><span style=\"font-size: 10pt;\">Gabinete de Arqueologia da C\u00e2mara Municipal de S\u00e3o Br\u00e1s de Alportel<\/span><br \/><span style=\"font-size: 10pt;\">Angelina Pereira<\/span><\/p>\n","protected":false},"excerpt":{"rendered":"<p>O territ\u00f3rio que actualmente \u00e9 ocupado pelo concelho de S\u00e3o Br\u00e1s de Alportel esconde a Hist\u00f3ria de muitos milhares de anos. A ocupa\u00e7\u00e3o humana no Concelho de S\u00e3o Br\u00e1s de Alportel ascende \u00e0 Pr\u00e9\u2013Hist\u00f3ria (desde o Paleol\u00edtico), como atestam diversos achados, tais como lascas de s\u00edlex, quartzo e quartzito, um brunidor de xisto negro e &hellip; <a href=\"https:\/\/jf-sbrasalportel.pt\/jfsba\/a_freguesia\/historia\/\" class=\"more-link\">Continuar a ler<span class=\"screen-reader-text\">Hist\u00f3ria<\/span> <span class=\"meta-nav\">&rarr;<\/span><\/a><\/p>\n","protected":false},"author":1,"featured_media":0,"parent":366,"menu_order":0,"comment_status":"closed","ping_status":"open","template":"","meta":{"_monsterinsights_skip_tracking":false,"_monsterinsights_sitenote_active":false,"_monsterinsights_sitenote_note":"","_monsterinsights_sitenote_category":0,"ngg_post_thumbnail":0,"footnotes":""},"class_list":["post-116","page","type-page","status-publish","hentry"],"yoast_head":"<!-- This site is optimized with the Yoast SEO plugin v27.4 - https:\/\/yoast.com\/product\/yoast-seo-wordpress\/ -->\n<title>Hist\u00f3ria - Junta de Freguesia de S\u00e3o Br\u00e1s de Alportel<\/title>\n<meta name=\"robots\" content=\"index, follow, max-snippet:-1, max-image-preview:large, max-video-preview:-1\" \/>\n<link rel=\"canonical\" href=\"https:\/\/jf-sbrasalportel.pt\/jfsba\/a_freguesia\/historia\/\" \/>\n<meta property=\"og:locale\" content=\"pt_PT\" \/>\n<meta property=\"og:type\" content=\"article\" \/>\n<meta property=\"og:title\" content=\"Hist\u00f3ria - Junta de Freguesia de S\u00e3o Br\u00e1s de Alportel\" \/>\n<meta property=\"og:description\" content=\"O territ\u00f3rio que actualmente \u00e9 ocupado pelo concelho de S\u00e3o Br\u00e1s de Alportel esconde a Hist\u00f3ria de muitos milhares de anos. A ocupa\u00e7\u00e3o humana no Concelho de S\u00e3o Br\u00e1s de Alportel ascende \u00e0 Pr\u00e9\u2013Hist\u00f3ria (desde o Paleol\u00edtico), como atestam diversos achados, tais como lascas de s\u00edlex, quartzo e quartzito, um brunidor de xisto negro e &hellip; Continuar a lerHist\u00f3ria &rarr;\" \/>\n<meta property=\"og:url\" content=\"https:\/\/jf-sbrasalportel.pt\/jfsba\/a_freguesia\/historia\/\" \/>\n<meta property=\"og:site_name\" content=\"Junta de Freguesia de S\u00e3o Br\u00e1s de Alportel\" \/>\n<meta property=\"article:modified_time\" content=\"2014-08-18T12:09:18+00:00\" \/>\n<meta property=\"og:image\" content=\"http:\/\/cms.cm-sbras.pt\/\/upload_files\/client_id_1\/website_id_1\/Concelho\/Historia\/arqueologia\/asa_situla.jpg\" \/>\n<meta name=\"twitter:card\" content=\"summary_large_image\" \/>\n<meta name=\"twitter:label1\" content=\"Tempo estimado de leitura\" \/>\n\t<meta name=\"twitter:data1\" content=\"8 minutos\" \/>\n<script type=\"application\/ld+json\" class=\"yoast-schema-graph\">{\"@context\":\"https:\\\/\\\/schema.org\",\"@graph\":[{\"@type\":\"WebPage\",\"@id\":\"https:\\\/\\\/jf-sbrasalportel.pt\\\/jfsba\\\/a_freguesia\\\/historia\\\/\",\"url\":\"https:\\\/\\\/jf-sbrasalportel.pt\\\/jfsba\\\/a_freguesia\\\/historia\\\/\",\"name\":\"Hist\u00f3ria - Junta de Freguesia de S\u00e3o Br\u00e1s de Alportel\",\"isPartOf\":{\"@id\":\"https:\\\/\\\/jf-sbrasalportel.pt\\\/jfsba\\\/#website\"},\"primaryImageOfPage\":{\"@id\":\"https:\\\/\\\/jf-sbrasalportel.pt\\\/jfsba\\\/a_freguesia\\\/historia\\\/#primaryimage\"},\"image\":{\"@id\":\"https:\\\/\\\/jf-sbrasalportel.pt\\\/jfsba\\\/a_freguesia\\\/historia\\\/#primaryimage\"},\"thumbnailUrl\":\"http:\\\/\\\/cms.cm-sbras.pt\\\/\\\/upload_files\\\/client_id_1\\\/website_id_1\\\/Concelho\\\/Historia\\\/arqueologia\\\/asa_situla.jpg\",\"datePublished\":\"2014-05-20T16:42:01+00:00\",\"dateModified\":\"2014-08-18T12:09:18+00:00\",\"breadcrumb\":{\"@id\":\"https:\\\/\\\/jf-sbrasalportel.pt\\\/jfsba\\\/a_freguesia\\\/historia\\\/#breadcrumb\"},\"inLanguage\":\"pt-PT\",\"potentialAction\":[{\"@type\":\"ReadAction\",\"target\":[\"https:\\\/\\\/jf-sbrasalportel.pt\\\/jfsba\\\/a_freguesia\\\/historia\\\/\"]}]},{\"@type\":\"ImageObject\",\"inLanguage\":\"pt-PT\",\"@id\":\"https:\\\/\\\/jf-sbrasalportel.pt\\\/jfsba\\\/a_freguesia\\\/historia\\\/#primaryimage\",\"url\":\"http:\\\/\\\/cms.cm-sbras.pt\\\/\\\/upload_files\\\/client_id_1\\\/website_id_1\\\/Concelho\\\/Historia\\\/arqueologia\\\/asa_situla.jpg\",\"contentUrl\":\"http:\\\/\\\/cms.cm-sbras.pt\\\/\\\/upload_files\\\/client_id_1\\\/website_id_1\\\/Concelho\\\/Historia\\\/arqueologia\\\/asa_situla.jpg\"},{\"@type\":\"BreadcrumbList\",\"@id\":\"https:\\\/\\\/jf-sbrasalportel.pt\\\/jfsba\\\/a_freguesia\\\/historia\\\/#breadcrumb\",\"itemListElement\":[{\"@type\":\"ListItem\",\"position\":1,\"name\":\"In\u00edcio\",\"item\":\"https:\\\/\\\/jf-sbrasalportel.pt\\\/jfsba\\\/\"},{\"@type\":\"ListItem\",\"position\":2,\"name\":\": : : : : : : : : : : : : : : : A_Freguesia : : : : : : : : : : : : : : : :\",\"item\":\"https:\\\/\\\/jf-sbrasalportel.pt\\\/jfsba\\\/a_freguesia\\\/\"},{\"@type\":\"ListItem\",\"position\":3,\"name\":\"Hist\u00f3ria\"}]},{\"@type\":\"WebSite\",\"@id\":\"https:\\\/\\\/jf-sbrasalportel.pt\\\/jfsba\\\/#website\",\"url\":\"https:\\\/\\\/jf-sbrasalportel.pt\\\/jfsba\\\/\",\"name\":\"Junta de Freguesia de S\u00e3o Br\u00e1s de Alportel\",\"description\":\"Site institucional da Freguesia de S\u00e3o Br\u00e1s de Alportel\",\"potentialAction\":[{\"@type\":\"SearchAction\",\"target\":{\"@type\":\"EntryPoint\",\"urlTemplate\":\"https:\\\/\\\/jf-sbrasalportel.pt\\\/jfsba\\\/?s={search_term_string}\"},\"query-input\":{\"@type\":\"PropertyValueSpecification\",\"valueRequired\":true,\"valueName\":\"search_term_string\"}}],\"inLanguage\":\"pt-PT\"}]}<\/script>\n<!-- \/ Yoast SEO plugin. -->","yoast_head_json":{"title":"Hist\u00f3ria - Junta de Freguesia de S\u00e3o Br\u00e1s de Alportel","robots":{"index":"index","follow":"follow","max-snippet":"max-snippet:-1","max-image-preview":"max-image-preview:large","max-video-preview":"max-video-preview:-1"},"canonical":"https:\/\/jf-sbrasalportel.pt\/jfsba\/a_freguesia\/historia\/","og_locale":"pt_PT","og_type":"article","og_title":"Hist\u00f3ria - Junta de Freguesia de S\u00e3o Br\u00e1s de Alportel","og_description":"O territ\u00f3rio que actualmente \u00e9 ocupado pelo concelho de S\u00e3o Br\u00e1s de Alportel esconde a Hist\u00f3ria de muitos milhares de anos. A ocupa\u00e7\u00e3o humana no Concelho de S\u00e3o Br\u00e1s de Alportel ascende \u00e0 Pr\u00e9\u2013Hist\u00f3ria (desde o Paleol\u00edtico), como atestam diversos achados, tais como lascas de s\u00edlex, quartzo e quartzito, um brunidor de xisto negro e &hellip; Continuar a lerHist\u00f3ria &rarr;","og_url":"https:\/\/jf-sbrasalportel.pt\/jfsba\/a_freguesia\/historia\/","og_site_name":"Junta de Freguesia de S\u00e3o Br\u00e1s de Alportel","article_modified_time":"2014-08-18T12:09:18+00:00","og_image":[{"url":"http:\/\/cms.cm-sbras.pt\/\/upload_files\/client_id_1\/website_id_1\/Concelho\/Historia\/arqueologia\/asa_situla.jpg","type":"","width":"","height":""}],"twitter_card":"summary_large_image","twitter_misc":{"Tempo estimado de leitura":"8 minutos"},"schema":{"@context":"https:\/\/schema.org","@graph":[{"@type":"WebPage","@id":"https:\/\/jf-sbrasalportel.pt\/jfsba\/a_freguesia\/historia\/","url":"https:\/\/jf-sbrasalportel.pt\/jfsba\/a_freguesia\/historia\/","name":"Hist\u00f3ria - Junta de Freguesia de S\u00e3o Br\u00e1s de Alportel","isPartOf":{"@id":"https:\/\/jf-sbrasalportel.pt\/jfsba\/#website"},"primaryImageOfPage":{"@id":"https:\/\/jf-sbrasalportel.pt\/jfsba\/a_freguesia\/historia\/#primaryimage"},"image":{"@id":"https:\/\/jf-sbrasalportel.pt\/jfsba\/a_freguesia\/historia\/#primaryimage"},"thumbnailUrl":"http:\/\/cms.cm-sbras.pt\/\/upload_files\/client_id_1\/website_id_1\/Concelho\/Historia\/arqueologia\/asa_situla.jpg","datePublished":"2014-05-20T16:42:01+00:00","dateModified":"2014-08-18T12:09:18+00:00","breadcrumb":{"@id":"https:\/\/jf-sbrasalportel.pt\/jfsba\/a_freguesia\/historia\/#breadcrumb"},"inLanguage":"pt-PT","potentialAction":[{"@type":"ReadAction","target":["https:\/\/jf-sbrasalportel.pt\/jfsba\/a_freguesia\/historia\/"]}]},{"@type":"ImageObject","inLanguage":"pt-PT","@id":"https:\/\/jf-sbrasalportel.pt\/jfsba\/a_freguesia\/historia\/#primaryimage","url":"http:\/\/cms.cm-sbras.pt\/\/upload_files\/client_id_1\/website_id_1\/Concelho\/Historia\/arqueologia\/asa_situla.jpg","contentUrl":"http:\/\/cms.cm-sbras.pt\/\/upload_files\/client_id_1\/website_id_1\/Concelho\/Historia\/arqueologia\/asa_situla.jpg"},{"@type":"BreadcrumbList","@id":"https:\/\/jf-sbrasalportel.pt\/jfsba\/a_freguesia\/historia\/#breadcrumb","itemListElement":[{"@type":"ListItem","position":1,"name":"In\u00edcio","item":"https:\/\/jf-sbrasalportel.pt\/jfsba\/"},{"@type":"ListItem","position":2,"name":": : : : : : : : : : : : : : : : A_Freguesia : : : : : : : : : : : : : : : :","item":"https:\/\/jf-sbrasalportel.pt\/jfsba\/a_freguesia\/"},{"@type":"ListItem","position":3,"name":"Hist\u00f3ria"}]},{"@type":"WebSite","@id":"https:\/\/jf-sbrasalportel.pt\/jfsba\/#website","url":"https:\/\/jf-sbrasalportel.pt\/jfsba\/","name":"Junta de Freguesia de S\u00e3o Br\u00e1s de Alportel","description":"Site institucional da Freguesia de S\u00e3o Br\u00e1s de Alportel","potentialAction":[{"@type":"SearchAction","target":{"@type":"EntryPoint","urlTemplate":"https:\/\/jf-sbrasalportel.pt\/jfsba\/?s={search_term_string}"},"query-input":{"@type":"PropertyValueSpecification","valueRequired":true,"valueName":"search_term_string"}}],"inLanguage":"pt-PT"}]}},"_links":{"self":[{"href":"https:\/\/jf-sbrasalportel.pt\/jfsba\/wp-json\/wp\/v2\/pages\/116","targetHints":{"allow":["GET"]}}],"collection":[{"href":"https:\/\/jf-sbrasalportel.pt\/jfsba\/wp-json\/wp\/v2\/pages"}],"about":[{"href":"https:\/\/jf-sbrasalportel.pt\/jfsba\/wp-json\/wp\/v2\/types\/page"}],"author":[{"embeddable":true,"href":"https:\/\/jf-sbrasalportel.pt\/jfsba\/wp-json\/wp\/v2\/users\/1"}],"replies":[{"embeddable":true,"href":"https:\/\/jf-sbrasalportel.pt\/jfsba\/wp-json\/wp\/v2\/comments?post=116"}],"version-history":[{"count":14,"href":"https:\/\/jf-sbrasalportel.pt\/jfsba\/wp-json\/wp\/v2\/pages\/116\/revisions"}],"predecessor-version":[{"id":3117,"href":"https:\/\/jf-sbrasalportel.pt\/jfsba\/wp-json\/wp\/v2\/pages\/116\/revisions\/3117"}],"up":[{"embeddable":true,"href":"https:\/\/jf-sbrasalportel.pt\/jfsba\/wp-json\/wp\/v2\/pages\/366"}],"wp:attachment":[{"href":"https:\/\/jf-sbrasalportel.pt\/jfsba\/wp-json\/wp\/v2\/media?parent=116"}],"curies":[{"name":"wp","href":"https:\/\/api.w.org\/{rel}","templated":true}]}}